{"id":139,"date":"2021-01-10T21:54:47","date_gmt":"2021-01-10T20:54:47","guid":{"rendered":"https:\/\/mcpknet.pl\/?page_id=139"},"modified":"2024-12-07T17:07:56","modified_gmt":"2024-12-07T16:07:56","slug":"pozostale-programy","status":"publish","type":"page","link":"https:\/\/mcpk.net\/?page_id=139","title":{"rendered":"Rejestracja"},"content":{"rendered":"<h2>Rejestracja program\u00f3w<\/h2>\n<p>Rejestracja programu jest ca\u0142kowicie bezp\u0142atna i nie zajmuje wiele czasu.<br \/>\nAby zarejestrowa\u0107 program nale\u017cy skorzysta\u0107 z formularza rejestracyjnego znajduj\u0105cego si\u0119 na stronie programu.<br \/>\nPo prawid\u0142owym wype\u0142nieniu, dane rejestracyjne przesy\u0142ane s\u0105 e-mailem. Po otrzymaniu kodu, nale\u017cy go wpisa\u0107 w programie (Pomoc\/Rejestracja) i zatwierdzi\u0107 .<br \/>\nPo ponownym uruchomieniu program pracuje w pe\u0142nej wersji. Jeden u\u017cytkownik mo\u017ce u\u017cywa\u0107 tego samego kodu rejestracyjnego na kilku komputerach.<br \/>\nZapraszam do rejestracji programu Nawozy-5, co pozwoli na skorzystanie z dodatkowych funkcji programu.<br \/>\nOczywi\u015bcie mo\u017cna te\u017c zarejestrowa\u0107 inne programy.<br \/>\nAby zarejestrowa\u0107 program przejd\u017a na stron\u0119:<a href=\"http:\/\/149.156.38.51\/rejestracje\"> REJESTRACJA<\/a><br \/>\nto zajmie tylko chwil\u0119.<\/p>\n","protected":false},"excerpt":{"rendered":"<p>Rejestracja program\u00f3w Rejestracja programu jest ca\u0142kowicie bezp\u0142atna i nie zajmuje wiele czasu. Aby zarejestrowa\u0107 program nale\u017cy skorzysta\u0107 z formularza rejestracyjnego znajduj\u0105cego si\u0119 na stronie programu. Po prawid\u0142owym wype\u0142nieniu, dane rejestracyjne przesy\u0142ane s\u0105 e-mailem. Po otrzymaniu kodu, nale\u017cy go wpisa\u0107 w programie (Pomoc\/Rejestracja) i zatwierdzi\u0107 . Po ponownym uruchomieniu program pracuje w pe\u0142nej wersji. Jeden u\u017cytkownik &#8230; <a title=\"Rejestracja\" class=\"read-more\" href=\"https:\/\/mcpk.net\/?page_id=139\" aria-label=\"Dowiedz si\u0119 wi\u0119cej o Rejestracja\">Dowiedz si\u0119 wi\u0119cej<\/a><\/p>\n","protected":false},"author":2,"featured_media":0,"parent":0,"menu_order":0,"comment_status":"closed","ping_status":"closed","template":"","meta":{"footnotes":""},"class_list":["post-139","page","type-page","status-publish"],"_links":{"self":[{"href":"https:\/\/mcpk.net\/index.php?rest_route=\/wp\/v2\/pages\/139","targetHints":{"allow":["GET"]}}],"collection":[{"href":"https:\/\/mcpk.net\/index.php?rest_route=\/wp\/v2\/pages"}],"about":[{"href":"https:\/\/mcpk.net\/index.php?rest_route=\/wp\/v2\/types\/page"}],"author":[{"embeddable":true,"href":"https:\/\/mcpk.net\/index.php?rest_route=\/wp\/v2\/users\/2"}],"replies":[{"embeddable":true,"href":"https:\/\/mcpk.net\/index.php?rest_route=%2Fwp%2Fv2%2Fcomments&post=139"}],"version-history":[{"count":4,"href":"https:\/\/mcpk.net\/index.php?rest_route=\/wp\/v2\/pages\/139\/revisions"}],"predecessor-version":[{"id":583,"href":"https:\/\/mcpk.net\/index.php?rest_route=\/wp\/v2\/pages\/139\/revisions\/583"}],"wp:attachment":[{"href":"https:\/\/mcpk.net\/index.php?rest_route=%2Fwp%2Fv2%2Fmedia&parent=139"}],"curies":[{"name":"wp","href":"https:\/\/api.w.org\/{rel}","templated":true}]}}