{"id":135,"date":"2021-01-10T21:54:13","date_gmt":"2021-01-10T20:54:13","guid":{"rendered":"https:\/\/mcpknet.pl\/?page_id=135"},"modified":"2025-10-27T21:32:42","modified_gmt":"2025-10-27T20:32:42","slug":"bilenero","status":"publish","type":"page","link":"https:\/\/mcpk.net\/?page_id=135","title":{"rendered":"Bilenero"},"content":{"rendered":"<h2>Kalkulator zapotrzebowania mocy maszyny<\/h2>\n<p>Mo\u017ce by\u0107 zastosowany do liczenia zapotrzebowania mocy przez maszyn\u0119. Wylicza moc na zaczepie, na WOM oraz moc na opory przetaczania.<\/p>\n<hr \/>\n<p>Aplikacja wsp\u00f3\u0142pracuje z programem <a href=\"https:\/\/mcpk.net\/?page_id=115\">OTR-7 <img loading=\"lazy\" decoding=\"async\" class=\"alignnone size-full wp-image-265\" src=\"https:\/\/mcpk.net\/wp-content\/uploads\/2021\/01\/traktor.gif\" alt=\"\" width=\"32\" height=\"32\" \/><\/a><\/p>\n<hr \/>\n<hr \/>\n<p><u>Pobierz:<\/u><\/p>\n<p><a href=\"https:\/\/mcpk.net\/cupial\/zip\/Bilenero_install.exe\"><img loading=\"lazy\" decoding=\"async\" class=\"alignnone size-full wp-image-210\" src=\"https:\/\/mcpk.net\/wp-content\/uploads\/2021\/01\/pobierz.png\" alt=\"\" width=\"50\" height=\"50\" \/>\u00a0Bilenero\u00a0<\/a>&#8211; wersja [1.04] [2008-04-08]\u00a0(Vista\/XP\/2000\/98\/95\/Linux)<\/p>\n<hr \/>\n<p><u>Zrzuty ekranu<\/u><\/p>\n<p><img loading=\"lazy\" decoding=\"async\" class=\"alignnone wp-image-238\" src=\"https:\/\/mcpk.net\/wp-content\/uploads\/2021\/01\/snap_bilenero.jpg\" alt=\"\" width=\"473\" height=\"318\" srcset=\"https:\/\/mcpk.net\/wp-content\/uploads\/2021\/01\/snap_bilenero.jpg 710w, https:\/\/mcpk.net\/wp-content\/uploads\/2021\/01\/snap_bilenero-300x202.jpg 300w\" sizes=\"auto, (max-width: 473px) 100vw, 473px\" \/><\/p>\n","protected":false},"excerpt":{"rendered":"<p>Kalkulator zapotrzebowania mocy maszyny Mo\u017ce by\u0107 zastosowany do liczenia zapotrzebowania mocy przez maszyn\u0119. Wylicza moc na zaczepie, na WOM oraz moc na opory przetaczania. Aplikacja wsp\u00f3\u0142pracuje z programem OTR-7 Pobierz: \u00a0Bilenero\u00a0&#8211; wersja [1.04] [2008-04-08]\u00a0(Vista\/XP\/2000\/98\/95\/Linux) Zrzuty ekranu<\/p>\n","protected":false},"author":2,"featured_media":0,"parent":0,"menu_order":0,"comment_status":"closed","ping_status":"closed","template":"","meta":{"footnotes":""},"class_list":["post-135","page","type-page","status-publish"],"_links":{"self":[{"href":"https:\/\/mcpk.net\/index.php?rest_route=\/wp\/v2\/pages\/135","targetHints":{"allow":["GET"]}}],"collection":[{"href":"https:\/\/mcpk.net\/index.php?rest_route=\/wp\/v2\/pages"}],"about":[{"href":"https:\/\/mcpk.net\/index.php?rest_route=\/wp\/v2\/types\/page"}],"author":[{"embeddable":true,"href":"https:\/\/mcpk.net\/index.php?rest_route=\/wp\/v2\/users\/2"}],"replies":[{"embeddable":true,"href":"https:\/\/mcpk.net\/index.php?rest_route=%2Fwp%2Fv2%2Fcomments&post=135"}],"version-history":[{"count":10,"href":"https:\/\/mcpk.net\/index.php?rest_route=\/wp\/v2\/pages\/135\/revisions"}],"predecessor-version":[{"id":623,"href":"https:\/\/mcpk.net\/index.php?rest_route=\/wp\/v2\/pages\/135\/revisions\/623"}],"wp:attachment":[{"href":"https:\/\/mcpk.net\/index.php?rest_route=%2Fwp%2Fv2%2Fmedia&parent=135"}],"curies":[{"name":"wp","href":"https:\/\/api.w.org\/{rel}","templated":true}]}}